w = -3*v, -5*q + 2*q + 6828 = -3*v. Is q a composite number?
False
Let z(a) = 4543*a**2 - 136*a - 2. Is z(3) prime?
False
Let s = -2037 - -16778. Is s composite?
False
Suppose -2*j - 203010 = -2*p, -98886 = -4*p + 3*j + 307136. Suppose 4*r + 3*r = p. Is r a prime number?
False
Let x be (-6)/(-4) - 11/2. Let k(s) = -2*s - 4. Let g be k(x). Is (-29107)/(-117) - g/(-18) prime?
False
Let z = 80 + -80. Suppose z = -r - 6*r + 12439. Let k = 402 + r. Is k a prime number?
True
Let q(i) = 21270*i**3 + 3*i**2 + i - 7. Is q(2) prime?
True
Let a = -2208 - -17578. Let o = a + -887. Is o prime?
False
Suppose -4*y - 5 = -1, 29637 = k - 5*y. Let f = k - 20241. Is f a composite number?
False
Let d = 111441 - 55478. Is d composite?
True
Suppose -2*j + 622 = 6*t - 4*t, 0 = 5*t + j - 1551. Let n = t + -204. Is n prime?
False
Let d = 2534435 + -1459248. Is d prime?
True
Let l be 5*(-3 - -1)*(-168)/240. Let w(z) = 593*z - 16. Is w(l) composite?
True
Let g be (-4)/((-12)/545)*(-7 - -16). Let v = g - 418. Is v a composite number?
False
Let n(j) = 8*j**3 - 20*j**2 + 23*j - 235. Is n(14) a composite number?
False
Suppose 16*u + 9 = 25. Let r(j) be the first derivative of 19*j**3/3 - j**2/2 + j + 4. Is r(u) a composite number?
False
Let m(x) = -8533*x**2. Let n be m(1). Let l = n + 16976. Is l a composite number?
False
Is (-12722186)/(-26) + -2 + (12 - (-2618)/(-221)) a prime number?
False
Suppose 20*g - 247174 = 258286. Is g a composite number?
True
Let f = 47 + -91. Let y = 46 + f. Suppose -3*p + 629 = -4*s, 2*s - 499 = -y*p - 103. Is p a prime number?
False
Let j(b) = b**3 + 17*b**2 + 17*b - 28. Let z be j(-12). Suppose -4*c + 3*l + 1628 = 0, 5*c - 3*l + z = 2523. Suppose -2705 = -4*u + c. Is u a prime number?
False
Let w(f) = -f**3 + 6*f**2 - 18*f + 55. Let p be w(5). Is (-181)/(p/65 - (-210)/1534) a prime number?
False
Suppose o = 3*o - 112. Let v be 5/2*o/5. Suppose -29*m = -v*m - 422. Is m a prime number?
False
Let o be 16/10 + -2 + 58/(-5). Let t be (-12246)/o + (-6)/4. Let h = t + 2580. Is h composite?
True
Let j = 74474 + -15307. Is j prime?
True
Suppose -2*q - 2245788 = 417*p - 419*p, -2*q = 2*p - 2245768. Is p a prime number?
False
Suppose -4*t = -6*t + 8. Let l be 2/((-2)/8*(2 - t)). Suppose -8*v - l*v = -21852. Is v a composite number?
True
Is (-266870)/(-4) - (-942)/628 a composite number?
True
Is (-45)/(-3) + -12 - -39575 - -3 composite?
False
Suppose -l = 6*g - 3*g - 18, 0 = 4*g + 4*l - 24. Suppose g*j - 9*j + 5*p = -1615, -1601 = -3*j - 2*p. Is j composite?
True
Suppose 73*v - 82*v = -18. Let d(x) = 1954*x**2 - 9*x + 21. Is d(v) a prime number?
False
Is 444/(-90) - (-2)/(-30) - -10524 prime?
False
Let f = -76 - -143. Let x = f - 67. Suppose x = 6*u - 183 - 147. Is u composite?
True
Let u be (15 + -14)/((-4)/(341302 - 2)). Is (u - 54)/(-2 - 1/(-1)) prime?
False
Let t(q) = -3*q**3 + 164*q**2 - 12*q + 97. Is t(48) composite?
True
Let n be 5*3/15*0. Suppose j - 611 = -n*j - 5*x, -2*x = j - 623. Is j prime?
True
Suppose -10*d + 172 - 212 = 0. Is (-9)/(-36)*d*(-8937 - 2) a prime number?
False
Let c(q) = q**2 - q - 59. Let o = 318 - 326. Is c(o) prime?
True
Let x be (-14)/77 - (-224)/22. Let l be (-12230)/x*(-3)/(-3). Let u = 2085 + l. Is u prime?
False
Let p(f) = 4*f**3 + 18*f**2 + 107*f - 179. Is p(24) prime?
True
Suppose -4*c - 3*c + 35 = 0. Suppose 10061 = c*y + 2111. Suppose -6*l + 54 = -y. Is l a prime number?
False
Let x be -2*(-2)/(-10) - 385/(-25). Suppose -5*v = -o - 0*v - x, 5*o - 17 = 2*v. Suppose -o*y + 9099 = -546. Is y prime?
False
Suppose 907*y - 917*y + 1217630 = 0. Is y prime?
True
Let c = -50859 + 438882. Is c a composite number?
True
Let t(b) = 33*b**2 - 15*b + 12. Let l be t(7). Let c = l + -833. Let i = -468 + c. Is i a composite number?
False
Let s be (1/(-2))/((-124)/3346512). Let c = -5893 + s. Is c a prime number?
False
Suppose -s + 6*s + 5*v = -1090, s = -4*v - 221. Is (-5035888)/s + (-1)/(-7) prime?
False
Let w be -2202 - (-3)/((-9)/6). Let v = -3648 + 3083. Let x = v - w. Is x prime?
False
Suppose -4*p - 22 = -3*u, -10 = 3*p + 6*u - 5*u. Let t be ((-80)/(-12))/p*3. Is (-846)/(-5) + 1/t prime?
False
Suppose 5*b = 1937 + 568. Suppose 5*y + 5*h = 800, 3*y + 0*h - 4*h - b = 0. Is y a composite number?
False
Let o(p) = 1634 + 1199 - p**2 + 11*p - 10*p. Is o(0) a composite number?
False
Let r = 67 + -89. Let u be r/(-44)*1*2. Let z(b) = 294*b**2 + b. Is z(u) prime?
False
Suppose 0 = 11*d - 26*d + 159135. Suppose -1531 = 6*w - d. Is w prime?
False
Let l(m) = -3700*m + 96. Let o be l(6). Is o/(-56) - 2/(-7) a prime number?
False
Suppose 0 = -26*c + 30*c - 216. Suppose 2*k + 3*l - c = 0, k - 2*k - 3*l + 33 = 0. Is (k/(-6))/(-3 + 2002/668) prime?
False
Suppose -45392 = -c + 5*b, 226879 = 19*c - 14*c + 2*b. Is c prime?
True
Let u(j) = j - 4. Suppose -q + 5*q = 3*d + 8, 0 = -3*d - 2*q + 22. Let s be u(d). Suppose s = 12*z - 6*z - 3306. Is z a prime number?
False
Is ((-1592356)/340)/((-4)/20) a composite number?
False
Let i(t) = 2*t + 22. Let x be i(-13). Let b be 2/(-8) + (-1)/x + 0. Suppose 4*a - 3185 = -k, 5*a + b*k = -5*k + 3970. Is a composite?
False
Let t(u) = u**2 - 3*u - 2. Let f be t(6). Suppose 0 = -f*z + 22*z - 8166. Is z composite?
False
Is ((-1050700)/(-21))/5 + 1/3 composite?
False
Let f = -608 - -228. Is ((-3 - 0) + 2)*1 - f a composite number?
False
Is (1698822/(-36))/((-3)/4*4/6) a prime number?
True
Let n be 24/(-36)*(74 - (2 + 0)). Let r be n/(2 - (4 - 0)). Suppose -r*p = -19*p - 155. Is p prime?
True
Let q = -5952 + 9980. Let k(r) = -40*r**2 + 2*r - 3. Let u be k(-3). Let s = u + q. Is s a composite number?
False
Suppose 49 = 4*v - 3*h + 32, 0 = 5*v - 4*h - 22. Suppose v*k - 118764 = -16*k. Is k prime?
False
Is (-1141406)/(-5) - 1 - 4*(-19)/95 prime?
True
Suppose -855789 - 412307 = -5*k + h, 0 = -4*k - 4*h + 1014520. Is k a composite number?
True
Let n be 1/2 - (247/(-2) - 2). Suppose 0 = -n*r + 122*r + 5192. Suppose -3*o = 5*f - r, -2 = -2*f - 0. Is o a composite number?
False
Let q be (11 - 14) + 2276/1. Suppose 0 = 5*w + 3*z + 2*z - 5670, z = -2*w + q. Suppose 0 = l + t - w, -2*l + l = 5*t - 1139. Is l a composite number?
True
Suppose 0 = 4*i + c - 16, 0 = 2*c - 8. Suppose 5 - 1 = -2*b, -i*o = b - 23509. Is o prime?
False
Let y(q) = 59*q**3 - 5*q**2 + 4*q + 9. Let v be y(7). Suppose -g - 3*c = -v, -3*g + 60031 = -14*c + 9*c. Is g composite?
True
Let n = 142 - 37. Let j = 296 + -64. Let r = j - n. Is r a composite number?
False
Let o(g) = -g**2 + 4*g + 3. Let t be ((-2)/(-4) - -2)/(2/4). Let i be o(t). Is 237 - -12 - 4/i composite?
False
Suppose -385 = -3*o + 11. Let h = o - -119. Is h a composite number?
False
Let m = 350 - 348. Suppose -m*j - 3*x + 13334 = 0, -5*j + 2*x - 6665 = -6*j. Is j a prime number?
True
Is 7061286/(1 + 5) - (-8 - (-5 - -5)) a composite number?
True
Let c = -11 + 5. Let u be 23/5 - c/(-10). Is (-1140 - -3 - u)/(-1) composite?
True
Suppose 0 = -7*p - 1352 - 3625. Let q = p - -2308. Is q a composite number?
False
Let j be ((54/(-45))/(-3))/((-4)/(-10)). Is (4169 - -5 - -3)*j prime?
True
Let x = -132 - -134. Is -490*4/((-24)/21) + x composite?
True
Suppose -319*g + 332279325 = 36*g - 96679600. Is g composite?
True
Let y = 69 - 75. Is (2 - 0)/y - (-485056)/66 prime?
True
Let n be 1/(-7) - (-16752)/(-42). Let u = 812 + n. Is u a prime number?
False
Let b(k) = 223*k**2 + 49*k - 343. Is b(6) a composite number?
True
Suppose 11 = -4*i + 35. Let l(o) = o**2 - 3*o - 14. Let j be l(i). Suppose j*g = s - 3*s + 1198, 2*s + 909 = 3*g. Is g a composite number?
True
Let g(k) = -2490*k - 863. Is g(-26) a composite number?
True
Let h = -1982 - -880. Suppose -3*m - 2*s + 8959 = 0, -91*m = -87*m + s - 11942. Let u = m + h. Is u a prime number?
False
Let o be (8 + -9 + -1 + 2)/(-2). Let v(c) = -6*c**2 + 6*c + 1072. Let y(f) = -6*f**2 + 7*f + 1073. Let u(m) = 6*v(m) - 5*y(m). Is u(o) prime?
False
Is 12/54 - ((-105060640)/144 - 14) a composite number?
True
Suppose 0 = -2*m + 2*b + 9551 + 8923, 4*m = -5*b + 36930. Suppose -9*q + 4364 + m = 0. Is q a prime number?
True
Suppose 11*p - 20*p = -3452103. Is p prime?
False
Suppose -10*m = -190522 + 55382. Let b = -8437 + m. Is b a composite number?
False
Let y be (20/(-210)*-7)/((-2)/(-153)). Suppose 5*f + 5 = 0, -y*w + f = -56*w + 37654. Is w prime?
False
Let x be (-12 -